{"id":845,"date":"2015-07-24T10:57:38","date_gmt":"2015-07-24T10:57:38","guid":{"rendered":"http:\/\/fotoaragon.unizar.es\/?page_id=845"},"modified":"2019-03-22T09:50:08","modified_gmt":"2019-03-22T09:50:08","slug":"convalidacion-de-creditos-universitarios","status":"publish","type":"page","link":"http:\/\/fotoaragon.cesar.unizar.es\/?page_id=845","title":{"rendered":"Convalidaci\u00f3n de cr\u00e9ditos universitarios I Jornadas"},"content":{"rendered":"<p><b>Evaluaci\u00f3n del curso para la convalidaci\u00f3n de cr\u00e9ditos universitarios<\/b><\/p>\n<p><b>2 cr\u00e9ditos de libre elecci\u00f3n<\/b> para titulaciones de primer y segundo ciclo y<b> 0,5 cr\u00e9dito como actividad universitaria cultural<\/b> para los estudiantes de las titulaciones de los grados de la Facultad de Filosof\u00eda y Letras de la Universidad de Zaragoza, seg\u00fan acuerdo de la Comisi\u00f3n de Garant\u00eda de la Calidad de las Titulaciones de Grado de la Facultad de Filosof\u00eda y Letras, de 17 de marzo de 2015.<\/p>\n<p>Se consideran dos condiciones para la evaluaci\u00f3n del curso:<\/p>\n<p style=\"padding-left: 30px;\">1\u00aa. Presencia de la persona inscrita en, al menos, el 85% de todas las actividades que se programen, lo que dar\u00e1 derecho a un <b>Diploma de Asistencia<\/b> expedido por la Instituci\u00f3n\u00a0Fernando el Cat\u00f3lico.<\/p>\n<p style=\"padding-left: 30px;\">2\u00aa. Presentaci\u00f3n de un trabajo con una extensi\u00f3n m\u00e1xima de 10 folios, de treinta l\u00edneas cada uno, en los que se resumir\u00e1n los puntos m\u00e1s significativos del Curso y se dar\u00e1 opini\u00f3n personal de alg\u00fan aspecto que haya resultado de inter\u00e9s para la formaci\u00f3n del estudiante. Aquellos trabajos que resulten sospechosamente parecidos ser\u00e1n anulados y no calificados. El trabajo deber\u00e1 entregarse en la Instituci\u00f3n\u00a0Fernando el Cat\u00f3lico antes de las 14 h. del \u00a0lunes, 23 de noviembre y ser\u00e1 corregido por la direcci\u00f3n cient\u00edfica del Curso, redact\u00e1ndose la correspondiente acta de evaluaci\u00f3n final. La calificaci\u00f3n ser\u00e1 de APTO o NO APTO.<\/p>\n<p>La cumplimentaci\u00f3n de las dos condiciones anteriores (en el segundo caso, si se obtiene la calificaci\u00f3n de Apto) dar\u00e1 derecho, adem\u00e1s del Diploma de Asistencia, a la obtenci\u00f3n de <b>2 cr\u00e9ditos de libre elecci\u00f3n<\/b> o <b>0,5 cr\u00e9dito como actividad universitaria cultural<\/b>, tras el pago de los derechos que dicha Universidad establezca para ello.<\/p>\n","protected":false},"excerpt":{"rendered":"<p>Evaluaci\u00f3n del curso para la convalidaci\u00f3n de cr\u00e9ditos universitarios 2 cr\u00e9ditos de libre elecci\u00f3n para titulaciones de primer y segundo ciclo y 0,5 cr\u00e9dito como actividad universitaria cultural para los estudiantes de las titulaciones de los grados de la Facultad de Filosof\u00eda y Letras de la Universidad de Zaragoza, seg\u00fan acuerdo de la Comisi\u00f3n de [&hellip;]<\/p>\n","protected":false},"author":1,"featured_media":0,"parent":1260,"menu_order":5,"comment_status":"open","ping_status":"closed","template":"home-panels.php","meta":{"footnotes":""},"class_list":["post-845","page","type-page","status-publish","hentry"],"_links":{"self":[{"href":"http:\/\/fotoaragon.cesar.unizar.es\/index.php?rest_route=\/wp\/v2\/pages\/845","targetHints":{"allow":["GET"]}}],"collection":[{"href":"http:\/\/fotoaragon.cesar.unizar.es\/index.php?rest_route=\/wp\/v2\/pages"}],"about":[{"href":"http:\/\/fotoaragon.cesar.unizar.es\/index.php?rest_route=\/wp\/v2\/types\/page"}],"author":[{"embeddable":true,"href":"http:\/\/fotoaragon.cesar.unizar.es\/index.php?rest_route=\/wp\/v2\/users\/1"}],"replies":[{"embeddable":true,"href":"http:\/\/fotoaragon.cesar.unizar.es\/index.php?rest_route=%2Fwp%2Fv2%2Fcomments&post=845"}],"version-history":[{"count":6,"href":"http:\/\/fotoaragon.cesar.unizar.es\/index.php?rest_route=\/wp\/v2\/pages\/845\/revisions"}],"predecessor-version":[{"id":1872,"href":"http:\/\/fotoaragon.cesar.unizar.es\/index.php?rest_route=\/wp\/v2\/pages\/845\/revisions\/1872"}],"up":[{"embeddable":true,"href":"http:\/\/fotoaragon.cesar.unizar.es\/index.php?rest_route=\/wp\/v2\/pages\/1260"}],"wp:attachment":[{"href":"http:\/\/fotoaragon.cesar.unizar.es\/index.php?rest_route=%2Fwp%2Fv2%2Fmedia&parent=845"}],"curies":[{"name":"wp","href":"https:\/\/api.w.org\/{rel}","templated":true}]}}

Convalidación de créditos universitarios I Jornadas

<p><b>Evaluación del curso para la convalidación de créditos universitarios</b></p>
<p><b>2 créditos de libre elección</b> para titulaciones de primer y segundo ciclo y<b> 0,5 crédito como actividad universitaria cultural</b> para los estudiantes de las titulaciones de los grados de la Facultad de Filosofía y Letras de la Universidad de Zaragoza, según acuerdo de la Comisión de Garantía de la Calidad de las Titulaciones de Grado de la Facultad de Filosofía y Letras, de 17 de marzo de 2015.</p>
<p>Se consideran dos condiciones para la evaluación del curso:</p>
<p style="padding-left: 30px;">1ª. Presencia de la persona inscrita en, al menos, el 85% de todas las actividades que se programen, lo que dará derecho a un <b>Diploma de Asistencia</b> expedido por la Institución Fernando el Católico.</p>
<p style="padding-left: 30px;">2ª. Presentación de un trabajo con una extensión máxima de 10 folios, de treinta líneas cada uno, en los que se resumirán los puntos más significativos del Curso y se dará opinión personal de algún aspecto que haya resultado de interés para la formación del estudiante. Aquellos trabajos que resulten sospechosamente parecidos serán anulados y no calificados. El trabajo deberá entregarse en la Institución Fernando el Católico antes de las 14 h. del  lunes, 23 de noviembre y será corregido por la dirección científica del Curso, redactándose la correspondiente acta de evaluación final. La calificación será de APTO o NO APTO.</p>
<p>La cumplimentación de las dos condiciones anteriores (en el segundo caso, si se obtiene la calificación de Apto) dará derecho, además del Diploma de Asistencia, a la obtención de <b>2 créditos de libre elección</b> o <b>0,5 crédito como actividad universitaria cultural</b>, tras el pago de los derechos que dicha Universidad establezca para ello.</p>

<p>Evaluación del curso para la convalidación de créditos universitarios 2 créditos de libre elección para titulaciones de primer y segundo ciclo y 0,5 crédito como actividad universitaria cultural para los estudiantes de las titulaciones de los grados de la Facultad de Filosofía y Letras de la Universidad de Zaragoza, según acuerdo de la Comisión de [&hellip;]</p>
