{"id":3969,"date":"2025-07-02T14:41:24","date_gmt":"2025-07-02T14:41:24","guid":{"rendered":"http:\/\/fotoaragon.cesar.unizar.es\/?page_id=3969"},"modified":"2025-07-02T15:02:58","modified_gmt":"2025-07-02T15:02:58","slug":"vi-jornadas-hta-de-la-fotografia-2025","status":"publish","type":"page","link":"http:\/\/fotoaragon.cesar.unizar.es\/?page_id=3969","title":{"rendered":"VI Jornadas Hta. de la Fotograf\u00eda \/ 2025"},"content":{"rendered":"\n<p>La quinta edici\u00f3n de las\u00a0<strong><em>Jornadas sobre Investigaci\u00f3n en Historia de la Fotograf\u00eda. Arag\u00f3n y su patrimonio fotogr\u00e1fico, 1839-1945<\/em><\/strong>, que vienen celebr\u00e1ndose con car\u00e1cter bienal desde 2015, en Zaragoza (Instituci\u00f3n Fernando el Cat\u00f3lico), est\u00e1 previsto que tenga lugar los d\u00edas 29, 30y 31 de octubre del presente a\u00f1o 2025.<\/p>\n\n\n\n<p><\/p>\n","protected":false},"excerpt":{"rendered":"<p>La quinta edici\u00f3n de las\u00a0Jornadas sobre Investigaci\u00f3n en Historia de la Fotograf\u00eda. Arag\u00f3n y su patrimonio fotogr\u00e1fico, 1839-1945, que vienen celebr\u00e1ndose con car\u00e1cter bienal desde 2015, en Zaragoza (Instituci\u00f3n Fernando el Cat\u00f3lico), est\u00e1 previsto que tenga lugar los d\u00edas 29, 30y 31 de octubre del presente a\u00f1o 2025.<\/p>\n","protected":false},"author":1,"featured_media":0,"parent":0,"menu_order":0,"comment_status":"closed","ping_status":"closed","template":"","meta":{"footnotes":""},"class_list":["post-3969","page","type-page","status-publish","hentry"],"_links":{"self":[{"href":"http:\/\/fotoaragon.cesar.unizar.es\/index.php?rest_route=\/wp\/v2\/pages\/3969","targetHints":{"allow":["GET"]}}],"collection":[{"href":"http:\/\/fotoaragon.cesar.unizar.es\/index.php?rest_route=\/wp\/v2\/pages"}],"about":[{"href":"http:\/\/fotoaragon.cesar.unizar.es\/index.php?rest_route=\/wp\/v2\/types\/page"}],"author":[{"embeddable":true,"href":"http:\/\/fotoaragon.cesar.unizar.es\/index.php?rest_route=\/wp\/v2\/users\/1"}],"replies":[{"embeddable":true,"href":"http:\/\/fotoaragon.cesar.unizar.es\/index.php?rest_route=%2Fwp%2Fv2%2Fcomments&post=3969"}],"version-history":[{"count":2,"href":"http:\/\/fotoaragon.cesar.unizar.es\/index.php?rest_route=\/wp\/v2\/pages\/3969\/revisions"}],"predecessor-version":[{"id":3982,"href":"http:\/\/fotoaragon.cesar.unizar.es\/index.php?rest_route=\/wp\/v2\/pages\/3969\/revisions\/3982"}],"wp:attachment":[{"href":"http:\/\/fotoaragon.cesar.unizar.es\/index.php?rest_route=%2Fwp%2Fv2%2Fmedia&parent=3969"}],"curies":[{"name":"wp","href":"https:\/\/api.w.org\/{rel}","templated":true}]}}

VI Jornadas Hta. de la Fotografía / 2025

<p>La quinta edición de las <strong><em>Jornadas sobre Investigación en Historia de la Fotografía. Aragón y su patrimonio fotográfico, 1839-1945</em></strong>, que vienen celebrándose con carácter bienal desde 2015, en Zaragoza (Institución Fernando el Católico), está previsto que tenga lugar los días 29, 30y 31 de octubre del presente año 2025.</p>



<p></p>

<p>La quinta edición de las Jornadas sobre Investigación en Historia de la Fotografía. Aragón y su patrimonio fotográfico, 1839-1945, que vienen celebrándose con carácter bienal desde 2015, en Zaragoza (Institución Fernando el Católico), está previsto que tenga lugar los días 29, 30y 31 de octubre del presente año 2025.</p>
