{"id":2941,"date":"2022-06-16T15:40:04","date_gmt":"2022-06-16T15:40:04","guid":{"rendered":"http:\/\/fotoaragon.cesar.unizar.es\/?page_id=2941"},"modified":"2023-02-07T12:31:32","modified_gmt":"2023-02-07T12:31:32","slug":"v-jornadas-hta-de-la-fotografia-2023","status":"publish","type":"page","link":"http:\/\/fotoaragon.cesar.unizar.es\/?page_id=2941","title":{"rendered":"V Jornadas Ht\u00aa. de la Fotograf\u00eda \/ 2023"},"content":{"rendered":"\n<p>La quinta edici\u00f3n de las <strong><em>Jornadas sobre Investigaci\u00f3n en Historia de la Fotograf\u00eda. 1839-1939: un siglo de fotograf\u00eda<\/em><\/strong>, que vienen celebr\u00e1ndose con car\u00e1cter bienal desde 2015, en Zaragoza (Instituci\u00f3n Fernando el Cat\u00f3lico), est\u00e1 previsto que tenga lugar los d\u00edas 25, 26 y 27 de octubre del presente a\u00f1o 2023. <\/p>\n\n\n\n<p>La convocatoria para la presentaci\u00f3n de propuestas de comunicaciones y el programa provisional de las mismas est\u00e1 previsto sean publicados hacia el mes de marzo de 2023.<\/p>\n","protected":false},"excerpt":{"rendered":"<p>La quinta edici\u00f3n de las Jornadas sobre Investigaci\u00f3n en Historia de la Fotograf\u00eda. 1839-1939: un siglo de fotograf\u00eda, que vienen celebr\u00e1ndose con car\u00e1cter bienal desde 2015, en Zaragoza (Instituci\u00f3n Fernando el Cat\u00f3lico), est\u00e1 previsto que tenga lugar los d\u00edas 25, 26 y 27 de octubre del presente a\u00f1o 2023. La convocatoria para la presentaci\u00f3n de [&hellip;]<\/p>\n","protected":false},"author":1,"featured_media":0,"parent":0,"menu_order":0,"comment_status":"closed","ping_status":"closed","template":"","meta":{"footnotes":""},"class_list":["post-2941","page","type-page","status-publish","hentry"],"_links":{"self":[{"href":"http:\/\/fotoaragon.cesar.unizar.es\/index.php?rest_route=\/wp\/v2\/pages\/2941","targetHints":{"allow":["GET"]}}],"collection":[{"href":"http:\/\/fotoaragon.cesar.unizar.es\/index.php?rest_route=\/wp\/v2\/pages"}],"about":[{"href":"http:\/\/fotoaragon.cesar.unizar.es\/index.php?rest_route=\/wp\/v2\/types\/page"}],"author":[{"embeddable":true,"href":"http:\/\/fotoaragon.cesar.unizar.es\/index.php?rest_route=\/wp\/v2\/users\/1"}],"replies":[{"embeddable":true,"href":"http:\/\/fotoaragon.cesar.unizar.es\/index.php?rest_route=%2Fwp%2Fv2%2Fcomments&post=2941"}],"version-history":[{"count":8,"href":"http:\/\/fotoaragon.cesar.unizar.es\/index.php?rest_route=\/wp\/v2\/pages\/2941\/revisions"}],"predecessor-version":[{"id":3010,"href":"http:\/\/fotoaragon.cesar.unizar.es\/index.php?rest_route=\/wp\/v2\/pages\/2941\/revisions\/3010"}],"wp:attachment":[{"href":"http:\/\/fotoaragon.cesar.unizar.es\/index.php?rest_route=%2Fwp%2Fv2%2Fmedia&parent=2941"}],"curies":[{"name":"wp","href":"https:\/\/api.w.org\/{rel}","templated":true}]}}

V Jornadas Htª. de la Fotografía / 2023

<p>La quinta edición de las <strong><em>Jornadas sobre Investigación en Historia de la Fotografía. 1839-1939: un siglo de fotografía</em></strong>, que vienen celebrándose con carácter bienal desde 2015, en Zaragoza (Institución Fernando el Católico), está previsto que tenga lugar los días 25, 26 y 27 de octubre del presente año 2023. </p>



<p>La convocatoria para la presentación de propuestas de comunicaciones y el programa provisional de las mismas está previsto sean publicados hacia el mes de marzo de 2023.</p>

<p>La quinta edición de las Jornadas sobre Investigación en Historia de la Fotografía. 1839-1939: un siglo de fotografía, que vienen celebrándose con carácter bienal desde 2015, en Zaragoza (Institución Fernando el Católico), está previsto que tenga lugar los días 25, 26 y 27 de octubre del presente año 2023. La convocatoria para la presentación de [&hellip;]</p>
