{"id":1598,"date":"2018-02-26T10:19:44","date_gmt":"2018-02-26T10:19:44","guid":{"rendered":"http:\/\/fotoaragon.unizar.es\/?page_id=1598"},"modified":"2025-07-10T11:41:32","modified_gmt":"2025-07-10T11:41:32","slug":"blogs-sobre-hta-de-la-fotografia","status":"publish","type":"page","link":"http:\/\/fotoaragon.cesar.unizar.es\/?page_id=1598","title":{"rendered":"Blogs y webs sobre fotograf\u00eda hist\u00f3rica"},"content":{"rendered":"<p>Estos son los enlaces a algunos de los blogs y webs amigas,<strong>\u00a0<\/strong>que incluyen noticias e informaci\u00f3n sobre fotograf\u00eda hist\u00f3rica, que suelo seguir, por sus aportaciones de inter\u00e9s:<\/p>\n<p><span style=\"color: #808080;\"><strong><br \/>\nBLOGS<\/strong><\/span><\/p>\n<p>El blog de la Colecci\u00f3n Fern\u00e1ndez Rivero. Lo llevan adelante con mucha pasi\u00f3n Juan Antonio Fern\u00e1ndez Rivero y su mujer M\u00aa Teresa Garc\u00eda Ballesteros:<br \/>\n<a href=\"https:\/\/cfrivero.blog\/\">https:\/\/cfrivero.blog\/<\/a><\/p>\n<p>El blog de Alonso Robisco,\u00a0 el pionero de los photoblogs en nuestro pa\u00eds:<br \/>\n<a href=\"http:\/\/photoblog.alonsorobisco.es\/\">http:\/\/photoblog.alonsorobisco.es\/<\/a><\/p>\n<p>El blog de Jep Mart\u00ed,\u00a0buen investigador, con la particularidad de que est\u00e1 escrito en catal\u00e1n. Su t\u00edtulo exacto es <em>L&#8217;album de Jep. Fotografia del segle XIX. Llums i ombres<\/em><br \/>\n<a href=\"https:\/\/lalbumdeljep.wordpress.com\/\">https:\/\/lalbumdeljep.wordpress.com\/<\/a><\/p>\n<p>El blog del fot\u00f3grafo y documentalista, Juantxo Ega\u00f1a, uno de los grandes\u00a0especialistas sobre fotograf\u00eda hist\u00f3rica en el Pa\u00eds Vasco.<br \/>\n<a href=\"http:\/\/juantxoegana.blogspot.com.es\/\">http:\/\/juantxoegana.blogspot.com.es\/<\/a><\/p>\n<p>El blog del fotoperiodista andaluz Antonio Jes\u00fas Gonz\u00e1lez, titulado <em>El Marginador<\/em> [D\u00edcese del aparato fotogr\u00e1fico que se coloca bajo el objetivo de la ampliadora para establecer el tama\u00f1o de la copia,sus proporciones y mantener plano el papel]<br \/>\n<a href=\"http:\/\/elmarginador.blogspot.com.es\/\">http:\/\/elmarginador.blogspot.com.es\/<\/a><\/p>\n<p>Aunque se trata de un blog cultural, no exclusivamente sobre fotograf\u00eda, \u00e9sta ocupa un importante lugar en sus entradas. He querido incluirlo aqu\u00ed por el afecto y admiraci\u00f3n que tengo hacia su autor, el escritor y periodista Ant\u00f3n Castro:<br \/>\n<a href=\"http:\/\/antoncastro.blogia.com\/\">http:\/\/antoncastro.blogia.com\/<\/a><\/p>\n<p><span style=\"color: #808080;\"><strong>P\u00c1GINAS WEB Y DE FACEBOOK<\/strong><\/span><\/p>\n<p><strong>Fundaci\u00f3n FBS<\/strong> <em>para el estudio de la huella hist\u00f3rica de la fotograf\u00eda estereosc\u00f3pica como ciencia y arte<\/em>. Sin duda la m\u00e1s importante colecci\u00f3n de fotograf\u00eda hist\u00f3rica dedicada a la estereoscop\u00eda o fotograf\u00eda en relieve existente en Espa\u00f1a y una de las m\u00e1s importantes a nivel internacional:<br \/>\n<a href=\"https:\/\/fbsfundacion.org\/mision-fines-y-trayectoria\/\" target=\"_blank\" rel=\"noopener\">https:\/\/fbsfundacion.org\/mision-fines-y-trayectoria\/<\/a><\/p>\n<p>Los compa\u00f1eros y amigos de la <strong>Fototeca de la DPH <\/strong>(Diputaci\u00f3n de Huesca), disponen de este escaparate de sus servicios y de las colecciones que custodian. Una instituci\u00f3n pionera en el tratamiento, conservaci\u00f3n y puesta en valor del patrimonio fotogr\u00e1fico aragon\u00e9s.<br \/>\n<a href=\"http:\/\/www.dphuesca.es\/fototeca\" target=\"_blank\" rel=\"noopener noreferrer\">http:\/\/www.dphuesca.es\/fototeca<\/a><\/p>\n<p>El principal buscador de documentos fotogr\u00e1ficos de Arag\u00f3n. El portal <strong>DARA<\/strong> (Documentos y Archivos de Arag\u00f3n). \u00a0surgi\u00f3 como respuesta a la necesidad de crear una base de datos digital del patrimonio archivistico y documental aragon\u00e9s.<br \/>\n<a href=\"http:\/\/www.dara-aragon.es\/dara\/archivos\/archivos.jsp\" target=\"_blank\" rel=\"noopener noreferrer\">http:\/\/www.dara-aragon.es\/dara\/archivos\/archivos.jsp<\/a><\/p>\n<p>Mismo enlace a DARA a trav\u00e9s de la p\u00e1gina del <strong>SIPCA<\/strong> (Sistema de Informaci\u00f3n del Patrimonio Cultural Aragon\u00e9s), con la relaci\u00f3n de archivos fotogr\u00e1ficos aragoneses custodiados en Arag\u00f3n.<br \/>\n<a href=\"http:\/\/www.sipca.es\/dara\/archivos\/archivos.jsp\" target=\"_blank\" rel=\"noopener noreferrer\">http:\/\/www.sipca.es\/dara\/archivos\/archivos.jsp<\/a><\/p>\n<p>P\u00e1ginas web la Fototeca y del facebook del <strong>IPCE<\/strong> (Instituto de Patrimonio Cultural de Espa\u00f1a), de cuya plantilla forma parte Carlos Teixidor Cadenas, c\u00f3mplice y colaborador en la organizaci\u00f3n de las diferentes jornadas internacionales sobre patrimonio fotogr\u00e1fico hist\u00f3rico, que venimos celebrando en Zaragoza desde 2015.<br \/>\n<a href=\"http:\/\/ipce.mecd.gob.es\/documentacion\/fototeca.html\" target=\"_blank\" rel=\"noopener noreferrer\">http:\/\/ipce.mecd.gob.es\/documentacion\/fototeca.html<\/a><\/p>\n<p><a href=\"https:\/\/www.facebook.com\/ipcepatrimonio\/\" target=\"_blank\" rel=\"noopener noreferrer\">https:\/\/www.facebook.com\/ipcepatrimonio\/<\/a><\/p>\n<p><strong>Clifford<\/strong>. Directorio de los fot\u00f3grafos espa\u00f1oles del siglo XIX, llevado a cabo por la asociaci\u00f3n <strong>Fotoconnexi\u00f2<\/strong>. Contiene informaci\u00f3n sobre m\u00e1s de 4000 fot\u00f3grafos. Se trata de un proyecto vivo, presentado en 2016. Ser\u00eda deseable que, con el tiempo, tradujeran la p\u00e1gina al castellano, ya que por el momento la han confeccionado exclusivamente en catal\u00e1n.<br \/>\n<a href=\"http:\/\/www.fotoconnexio.org\/clifford\/\" target=\"_blank\" rel=\"noopener noreferrer\">http:\/\/www.fotoconnexio.org\/clifford\/<\/a><\/p>\n<p>El portal <strong>Daguerreobase<\/strong>, es el resultado de un ambicioso proyecto Europeo de recuperaci\u00f3n, inventario, cat\u00e1logo y estudio de las colecciones p\u00fablicas y privadas de daguerrotipos existentes en territorio europeo.<br \/>\n<a href=\"http:\/\/www.daguerreobase.org\/en\/\" target=\"_blank\" rel=\"noopener noreferrer\">http:\/\/www.daguerreobase.org\/en\/<\/a><\/p>\n<p>V\u00edctor Flores, desde la Universidad Lus\u00f3fona de Lisboa, coordina el grupo de investigaci\u00f3n <strong><em>Early Visual Media Lab<\/em><\/strong> dedicado al estudio de patrimonio visual hist\u00f3rico haciendo uso de las tecnolog\u00edas digitales. Adem\u00e1s, dirige los congresos internacionales Stereo Inmersive Media (S&amp;I Media). Este es el enlace a su web:<\/p>\n<p><a href=\"https:\/\/earlymedialab.ulusofona.pt\/\">https:\/\/earlymedialab.ulusofona.pt\/<\/a><\/p>\n","protected":false},"excerpt":{"rendered":"<p>Estos son los enlaces a algunos de los blogs y webs amigas,\u00a0que incluyen noticias e informaci\u00f3n sobre fotograf\u00eda hist\u00f3rica, que suelo seguir, por sus aportaciones de inter\u00e9s: BLOGS El blog de la Colecci\u00f3n Fern\u00e1ndez Rivero. Lo llevan adelante con mucha pasi\u00f3n Juan Antonio Fern\u00e1ndez Rivero y su mujer M\u00aa Teresa Garc\u00eda Ballesteros: https:\/\/cfrivero.blog\/ El blog [&hellip;]<\/p>\n","protected":false},"author":1,"featured_media":0,"parent":0,"menu_order":7,"comment_status":"open","ping_status":"open","template":"home-panels.php","meta":{"footnotes":""},"class_list":["post-1598","page","type-page","status-publish","hentry"],"_links":{"self":[{"href":"http:\/\/fotoaragon.cesar.unizar.es\/index.php?rest_route=\/wp\/v2\/pages\/1598","targetHints":{"allow":["GET"]}}],"collection":[{"href":"http:\/\/fotoaragon.cesar.unizar.es\/index.php?rest_route=\/wp\/v2\/pages"}],"about":[{"href":"http:\/\/fotoaragon.cesar.unizar.es\/index.php?rest_route=\/wp\/v2\/types\/page"}],"author":[{"embeddable":true,"href":"http:\/\/fotoaragon.cesar.unizar.es\/index.php?rest_route=\/wp\/v2\/users\/1"}],"replies":[{"embeddable":true,"href":"http:\/\/fotoaragon.cesar.unizar.es\/index.php?rest_route=%2Fwp%2Fv2%2Fcomments&post=1598"}],"version-history":[{"count":35,"href":"http:\/\/fotoaragon.cesar.unizar.es\/index.php?rest_route=\/wp\/v2\/pages\/1598\/revisions"}],"predecessor-version":[{"id":4083,"href":"http:\/\/fotoaragon.cesar.unizar.es\/index.php?rest_route=\/wp\/v2\/pages\/1598\/revisions\/4083"}],"wp:attachment":[{"href":"http:\/\/fotoaragon.cesar.unizar.es\/index.php?rest_route=%2Fwp%2Fv2%2Fmedia&parent=1598"}],"curies":[{"name":"wp","href":"https:\/\/api.w.org\/{rel}","templated":true}]}}